s digit of n?
2
Suppose 0 = -4*m + 5*a + 64 - 21, 0 = 3*a + 9. Suppose r + m*k + 9 = 4*k, 5*k + 43 = 3*r. What is the units digit of r?
6
What is the hundreds digit of 28/(-490) + (-35844528)/(-840)?
6
Let m = 180 + -176. Suppose 12 = -m*x, 5*x - 126 = -5*a + 499. What is the tens digit of a?
2
Let r(s) = 5*s**3 + 2*s**2 - 3*s - 5. Let k = -98 - -101. What is the tens digit of r(k)?
3
Let i(a) = -1752*a**3 + 5*a**2 + 14*a + 9. What is the tens digit of i(-1)?
5
Suppose 0 = 5*a + 368 - 128. Let f be (-774)/24 - 2/(-8). What is the units digit of (a/f)/((-1)/((-172)/3))?
6
Suppose 94*t + 5*p = 90*t + 67605, 3*t + 5*p = 50695. What is the units digit of t?
0
Let i(p) = -p**3 + 17*p**2 + 2*p + 29. Let x be i(10). Let a = x - 328. What is the tens digit of a?
2
What is the tens digit of (-8250)/(-10) + -15 + 2?
1
Suppose 0 = 441*o - 436*o - 2*l - 56586, 3*l = -5*o + 56546. What is the ten thousands digit of o?
1
Let d = -6953 + 10171. What is the units digit of d?
8
Let c(p) = 3*p - 21. Let i be c(7). Let g be (i + -9)*(-32)/12. Suppose -64 + g = -2*n. What is the units digit of n?
0
Suppose 6*y = 5*y + 14. Suppose y*b - 5647 = 2725. What is the units digit of b?
8
Suppose 1543174 = 97*w - 1282861 - 445096. What is the thousands digit of w?
3
What is the ten thousands digit of 4 + -11 + 9 - -21883?
2
Let o = -5 - 0. Let n(m) = 2*m**2 - 12*m + 19. Let u be n(5). What is the units digit of (1590/(-4))/o - u/18?
9
Suppose 0 = 5*s + 2*v - 385, -192 = -2*s - 3*v - 38. Let b be (-1)/(4 + (-1560)/392). Let y = s + b. What is the tens digit of y?
2
Suppose -2*j + 84 = 4*j. Suppose -12*b + j*b = 74. Let g = -35 + b. What is the units digit of g?
2
Let j(z) = -3*z + 6. Let l be j(-6). Let g = l - 21. Suppose g*b - 1108 = -b. What is the hundreds digit of b?
2
Let k = 166 + -118. Let f = 2 + k. Let y = f - 35. What is the tens digit of y?
1
What is the thousands digit of 1060432/35 - (-134)/(-2345)?
0
Let g(n) = 2*n**3 + 2*n**2 - 2*n - 2. Let p be g(2). Let a = p - 8. Suppose a*w = -212 + 1572. What is the tens digit of w?
3
Let n(s) = 11*s**2 + 39 - 2*s + 19*s - 6*s**3 + 7*s**3 - 4. Let g be n(-10). Let y = g - -112. What is the units digit of y?
7
Let c(b) = -b**2 - 47*b - 208. Let l be c(-5). Suppose 2023 = 4*v + 5*j - 1332, 2*j + 1664 = l*v. What is the tens digit of v?
3
Suppose -19*f = -8*f - 17314. Suppose f = 872*x - 870*x. What is the tens digit of x?
8
Suppose 8*r = 11*r + 4*h - 25654, 2*r = 3*h + 17131. What is the hundreds digit of r?
5
Suppose 5*c = 3*c - 10, -2*c = 4*f + 46. Let y(j) = j**3 + 9*j**2 - 2. Let l be y(f). Let z(m) = -9*m**3 + m**2 - 4*m - 4. What is the units digit of z(l)?
0
Suppose 4*o - 3*b = 40040, 29337 + 10711 = 4*o - 5*b. What is the ten thousands digit of o?
1
Let v(p) = -p**3 + 3*p + 1. Let z be v(-2). Suppose z*f = -14*f + 3009. What is the tens digit of f?
7
Let f(c) be the first derivative of 13*c**2/2 - 4*c + 56. What is the hundreds digit of f(41)?
5
Let w be -2*1*(-27)/6 - -3. Let m be 87/12 - 3/w. Let a(j) = 19*j - 39. What is the tens digit of a(m)?
9
Let n(t) = 29*t**2 - 11*t + 23. Suppose 27*x = -3 + 84. What is the hundreds digit of n(x)?
2
Suppose r = 2*t - 10957, 5207 = t - 2*r - 267. What is the units digit of t?
0
Let f(w) = -w**2 - 55*w + 53. Let d(c) = -c**2 - 22*c - 80. Let q be d(-20). What is the tens digit of f(q)?
5
Let j be (-1 - 0) + 1 + (-16)/(-4). Suppose j*o = -3*x - 0*x - 549, 0 = -x - o - 183. Let s = 311 + x. What is the tens digit of s?
2
Suppose 0*c - 4*c + 22 = 2*x, -9 = -3*x. Suppose 3*r = -c*m - 2*r + 1560, 5*r + 1600 = 4*m. What is the hundreds digit of m?
3
Let u(o) be the first derivative of o**3 - 7*o**2 + 31*o + 129. What is the units digit of u(16)?
5
Let q = -33722 - -76008. What is the tens digit of q?
8
Let n(d) = -74*d**3 - 6*d**2 + 117*d + 974. What is the tens digit of n(-9)?
8
Let l(n) be the third derivative of -9*n**4/4 + 3*n**3 + 36*n**2. What is the tens digit of l(-1)?
7
What is the hundreds digit of (-21351)/66*2/3*-30?
4
Let q = -3167 + 3142. Suppose -2*w + 280 = 2*w. Let r = w + q. What is the units digit of r?
5
Suppose 122*a - 888938 = 833214. What is the ten thousands digit of a?
1
Suppose -5*g = -2*f - 2, 3*f = 3*g - 13 + 1. Let k(l) = -26*l + 28. What is the tens digit of k(f)?
8
Let q(i) = -2*i**3 - i + 82. Let x be (1 - 0) + (1 - 1). Suppose -z = x, y + 5*z = 2*y - 5. What is the tens digit of q(y)?
8
Suppose -9*c + 21322 = -27818. Suppose -4*a - c = -19*a. What is the units digit of a?
4
Let o = -38660 + 109210. What is the units digit of o?
0
Suppose 2*j - 524 = -374. Let a = 45 + -23. Let u = j - a. What is the units digit of u?
3
Let k(j) = -j**3 + j**2 + j + 77. Let l be k(0). Suppose -4*x = p + 64, -4*p + p = x + 203. Let c = l + p. What is the units digit of c?
9
Let p(x) = 12*x**2 + 149*x + 6635. What is the ten thousands digit of p(-73)?
5
Let v be 10/6 - (6 + (-152)/24). Let c(t) = -v + 14*t**2 - 6 + 0. What is the tens digit of c(-2)?
4
Let s be 102/(-663) - (2 - (-56)/(-26)). Suppose -21*n - 2*n + 5888 = s. What is the units digit of n?
6
Let n(p) = -p**2 - 15 + 895*p - 891*p + 2*p**2. Let v be n(-7). What is the units digit of v - -188 - -3*1?
7
Let n = 81 - 77. Let x be n/3*(398/4 - -1). Suppose b = -b + x. What is the tens digit of b?
6
What is the tens digit of (-24)/(-156)*1 - (-10412385)/195?
9
Let x(a) = -a**2 - 7*a - 5. Suppose 6*h - 10*h = 16. Let j be x(h). Suppose -51 = j*z - 10*z. What is the tens digit of z?
1
Let k be 0/(-1)*(4 + -3). Suppose k = 5*a - 5*i + 70, -i + 10 = -a - 4*i. Let p(l) = -9*l - 37. What is the units digit of p(a)?
0
Let u(r) = 18*r - 101. Let b be u(17). Let s = 384 - b. What is the hundreds digit of s?
1
Let m = -48 - -48. Suppose m = 5*w - 7*w - 618. What is the tens digit of (36/15)/(w/(-300) - 1)?
8
Let n = -98 + 98. Suppose 6*q - 1293 - 2397 = n. What is the tens digit of q?
1
Suppose -5*m = 4*h - 2268, 2*h = m + 4*m - 2286. Let n be 3 + m + (3 - 2). Let t = n + -321. What is the hundreds digit of t?
1
Let a(w) = 24*w + 60. Let d be a(-19). Let k = -93 - d. What is the tens digit of k?
0
Let n = -439 + 725. Suppose -9*b = -299 - n. What is the units digit of b?
5
Let h(b) = 63*b + 2842. What is the hundreds digit of h(0)?
8
Let o(v) = 32*v + 205. Let h be o(-12). Let g = 278 - h. What is the hundreds digit of g?
4
Let n(p) = p**2 + 17*p + 542. What is the units digit of n(47)?
0
Suppose 520 = 2*h + 6*h. Let v be (6/(-5))/(26/h). What is the tens digit of (-51)/(v*4/16)?
6
Let l be (-10)/((-3 - -1) + 4). Let y(g) = g**2 - 7*g - 19. Let p be y(l). Suppose -4*f + p = -5*v + 6, -2*f - 3*v + 23 = 0. What is the tens digit of f?
1
Let a(n) = n**2 + 5*n. Let p be a(9). Suppose -4*u - 301 = 3*u. Let t = u + p. What is the units digit of t?
3
What is the ten thousands digit of (-4 - (-94)/(-4))*-596?
1
Suppose 11*s - 6*s + 2 = -3*u, -5*u = 20. What is the tens digit of -2 + s - (-6 - (-1 - -435))?
4
Suppose 2*l + q + 2*q = 195, -5*q + 80 = l. Suppose 4*c + c - l = 0. Suppose 22 + c = y. What is the tens digit of y?
4
Suppose -5*h + 380 = -5*f, 0 = 4*h - 2*f - 0*f - 300. Let b(y) = -4*y + 1 + h*y**2 - 42*y**2 - 4. What is the units digit of b(-2)?
3
Let u = 7580 + 4545. Suppose u = -28*g + 43233. What is the tens digit of g?
1
Let v(h) = h + 4. Let r be v(-4). Suppose r = -4*u + u. Suppose -c = -5*d + 253, 0 = 2*d - c - u*c - 103. What is the tens digit of d?
5
Suppose 3*m + 4*x = 2*m + 6, x = -2*m + 40. Let j(v) = v**2 - 10*v + 14. Let q be j(9). Suppose m = -q*o + 57. What is the units digit of o?
7
Let l(w) = 59*w**2 + 29*w - 87. What is the tens digit of l(17)?
5
Suppose -8*n + 27 = n. Suppose 4*i = 3*v + 14, -4*v + 5*v + 3*i - 17 = 0. Suppose 2*u = 3*p + 130, 0 = -5*u + v*p + n*p + 315. What is the tens digit of u?
5
Let i(s) = -114*s - 176. Suppose -42*k - 332 = 4. What is the tens digit of i(k)?
3
Let r(w) = -w**3 - 12*w**2 + 6*w + 199. Let g be r(-11). Suppose 5*y = g*y - 10759. What is the hundreds digit of y?
5
Let w(p) be the first derivative of 3*p**2/2 + 37*p + 3. Let q(k) = -k**2 + 8*k + 5. Let g be q(6). What is the tens digit of w(g)?
8
Suppose 0 = -8*k + 221 - 13. Suppose -k = -v - 10. Let h(m) = 2*m + 49. What is the tens digit of h(v)?
8
Suppose 23*q = 18*q - 360. Let h = 76 + q. Suppose -4*o + 